1
Convert 3030 (base 4) to base 15.
d9
-1 (base 14) to base 13
-1
What is 9 (base 16) in base 5?
14
d6 (base 16) to base 5
1324
Convert 67 (base 16) to base 7.
205
Convert -4 (base 9) to base 14.
-4
What is 21 (base 4) in base 16?
9
Convert -11 (base 2) to base 3.
-10
110 (base 2) to base 16
6
What is -5 (base 7) in base 8?
-5
What is 0 (base 2) in base 5?
0
What is 1000 (base 2) in base 13?
8
What is -7 (base 12) in base 11?
-7
What is 103 (base 5) in base 16?
1c
What is 100 (base 3) in base 9?
10
What is -14 (base 7) in base 10?
-11
What is 13 (base 11) in base 10?
14
-2 (base 8) to base 3
-2
Convert 6 (base 16) to base 9.
6
58 (base 9) to base 3
1222
-3 (base 16) to base 3
-10
What is 2 (base 7) in base 14?
2
Convert -4 (base 7) to base 8.
-4
What is -4 (base 10) in base 3?
-11
3 (base 7) to base 3
10
-37 (base 11) to base 3
-1111
-2 (base 16) to base 7
-2
Convert -3 (base 8) to base 4.
-3
-23 (base 5) to base 11
-12
What is -3 (base 9) in base 8?
-3
90 (base 12) to base 15
73
Convert -3 (base 11) to base 4.
-3
Convert -6 (base 10) to base 3.
-20
What is 110 (base 3) in base 2?
1100
What is a4 (base 11) in base 5?
424
-19 (base 15) to base 2
-11000
What is -235 (base 8) in base 6?
-421
-13 (base 7) to base 10
-10
Convert -5 (base 6) to base 15.
-5
Convert 1 (base 5) to base 2.
1
What is -7 (base 14) in base 5?
-12
1 (base 6) to base 10
1
Convert aa (base 11) to base 15.
80
What is -78 (base 15) in base 2?
-1110001
-5 (base 7) to base 14
-5
22 (base 4) to base 13
a
What is -57 (base 9) in base 10?
-52
-55 (base 6) to base 14
-27
112 (base 4) to base 16
16
Convert 30 (base 7) to base 14.
17
What is 50 (base 15) in base 12?
63
49 (base 13) to base 5
221
Convert -12 (base 10) to base 13.
-c
Convert 8 (base 12) to base 2.
1000
What is 4 (base 12) in base 10?
4
200 (base 9) to base 12
116
What is 88 (base 12) in base 15?
6e
-5 (base 13) to base 2
-101
21 (base 5) to base 3
102
-10 (base 8) to base 6
-12
37 (base 9) to base 10
34
What is 63 (base 9) in base 6?
133
What is 3 (base 6) in base 16?
3
What is 6 (base 11) in base 16?
6
Convert 206 (base 7) to base 2.
1101000
Convert 1000 (base 2) to base 14.
8
6 (base 11) to base 14
6
-12 (base 13) to base 5
-30
What is 3 (base 16) in base 14?
3
303 (base 4) to base 8
63
Convert -12 (base 8) to base 14.
-a
Convert -311 (base 5) to base 13.
-63
-2 (base 16) to base 6
-2
What is -11 (base 3) in base 8?
-4
-1a (base 15) to base 12
-21
Convert -103 (base 6) to base 15.
-29
20 (base 6) to base 2
1100
What is 22 (base 8) in base 3?
200
What is -3 (base 16) in base 2?
-11
Convert 31 (base 10) to base 15.
21
Convert -7f (base 16) to base 2.
-1111111
Convert -34 (base 9) to base 5.
-111
Convert 1010000 (base 2) to base 8.
120
What is 7 (base 11) in base 13?
7
-1a0 (base 11) to base 8
-347
Convert -10111 (base 2) to base 13.
-1a
-64 (base 14) to base 7
-154
Convert 16 (base 13) to base 3.
201
What is -4 (base 14) in base 11?
-4
What is 4 (base 11) in base 14?
4
Convert -1223 (base 4) to base 7.
-212
Convert -2001 (base 4) to base 13.
-9c
Convert 7a (base 13) to base 15.
6b
-34 (base 8) to base 10
-28
-208 (base 10) to base 11
-17a
Convert 17 (base 10) to base 2.
10001
What is 16 (base 12) in base 4?
102
What is 4 (base 13) in base 14?
4
What is -13 (base 7) in base 2?
-1010
Convert 9 (base 13) to base 8.
11
Convert 12 (base 3) to base 6.
5
0 (base 14) to base 8
0
Convert 33 (base 8) to base 16.
1b
5 (base 16) to base 5
10
-10 (base 3) to base 13
-3
-13 (base 5) to base 6
-12
Convert -2 (base 15) to base 11.
-2
24 (base 12) to base 9
31
-33 (base 4) to base 6
-23
What is -4 (base 16) in base 6?
-4
What is 3 (base 15) in base 8?
3
What is 60 (base 9) in base 3?
2000
Convert -17 (base 14) to base 16.
-15
26 (base 10) to base 7
35
Convert 1 (base 11) to base 16.
1
What is -1224 (base 6) in base 3?
-102021
3 (base 8) to base 16
3
Convert 1 (base 5) to base 12.
1
Convert 12 (base 8) to base 10.
10
What is 1 (base 10) in base 5?
1
-22 (base 4) to base 13
-a
Convert -3 (base 14) to base 2.
-11
What is 3 (base 11) in base 4?
3
Convert -2 (base 9) to base 2.
-10
What is 13 (base 10) in base 8?
15
11010 (base 2) to base 7
35
Convert 201 (base 5) to base 2.
110011
Convert -4 (base 10) to base 5.
-4
What is 68 (base 9) in base 6?
142
What is -3 (base 8) in base 4?
-3
Convert -340 (base 9) to base 11.
-234
Convert 2 (base 4) to base 16.
2
What is 1 (base 12) in base 4?
1
Convert -2 (base 9) to base 14.
-2
Convert 101010111 (base 2) to base 4.
11113
Convert 4 (base 10) to base 4.
10
Convert -2 (base 8) to base 4.
-2
What is 4 (base 11) in base 8?
4
What is 3 (base 14) in base 6?
3
Convert -102 (base 13) to base 8.
-253
-12 (base 13) to base 12
-13
What is 100 (base 2) in base 5?
4
Convert 20020 (base 3) to base 16.
a8
What is 11 (base 4) in base 8?
5
3 (base 9) to base 10
3
2 (base 16) to base 14
2
-1 (base 13) to base 10
-1
2 (base 12) to base 15
2
What is 211 (base 8) in base 7?
254
What is 3 (base 9) in base 3?
10
Convert 10010 (base 2) to base 3.
200
What is -13 (base 4) in base 15?
-7
What is -3 (base 5) in base 2?
-11
Convert 33 (base 8) to base 15.
1c
What is 101 (base 2) in base 14?
5
What is -37 (base 10) in base 14?
-29
-52 (base 6) to base 13
-26
-203 (base 5) to base 12
-45
-75 (base 8) to base 4
-331
Convert -31 (base 4) to base 15.
-d
What is 3 (base 8) in base 7?
3
-58 (base 10) to base 16
-3a
What is -25 (base 11) in base 12?
-23
10 (base 6) to base 12
6
-205 (base 7) to base 2
-1100111
Convert 10 (base 4) to base 9.
4
What is 61 (base 7) in base 9?
47
1123 (base 4) to base 2
1011011
Convert 133 (base 11) to base 6.
421
1a7 (base 11) to base 2
11101110
2 (base 12) to base 16
2
23 (base 13) to base 3
1002
Convert -10100011 (base 2) to base 13.
-c7
What is 1 (base 11) in base 16?
1
Convert 1 (base 13) to base 6.
1
What is -36 (base 9) in base 14?
-25
Convert -1a (base 12) to base 10.
-22
10 (base 2) to base 15
2
Convert 3 (base 12) to base 9.
3
-8 (base 14) to base 3
-22
What is 100 (base 2) in base 8?
4
11101110 (base 2) to base 13
154
5 (base 7) to base 3
12
What is 26a (base 12) in base 11?
307
What is 3 (base 10) in base 2?
11
What is 75 (base 8) in base 6?
141
What is -24 (base 5) in base 10?
-14
Convert 2a (base 14) to base 4.
212
What is -62 (base 13) in base 7?
-143
What is 5 (base 11) in base 10?
5
2 (base 14) to base 11
2
What is 0 (base 10) in base 14?
0
130 (base 5) to base 6
104
-c6 (base 13) to base 12
-116
What is -103 (base 6) in base 7?
-54
-10101 (base 2) to base 9
-23
What is 9 (base 12) in base 9?
10
Convert 119 (base 10) to base 14.
87
-3 (base 12) to base 6
-3
Convert -11 (base 15) to base 12.
-14
Convert -6 (base 8) to base 3.
-20
Convert 2 (base 14) to base 15.
2
Convert -101100 (base 2) to base 13.
-35
What is 11 (base 7) in base 11?
8
Convert 1 (base 9) to base 4.
1
What is 10 (base 9) in base 16?
9
Convert 11 (base 3) to base 5.
4
What is a (base 13) in base 3?
101
1 (base 13) to base 10
1
Convert -124 (base 8) to base 10.
-84
Convert 303 (base 4) to base 12.
43
30 (base 13) to base 4
213
What is -7 (base 8) in base 6?
-11
Convert 0 (base 6) to base 9.
0
What is -1 (base 15) in base 8?
-1
Convert -4 (base 8) to base 10.
-4
What is -3 (base 7) in base 4?
-3
-1 (base 7) to base 10
-1
10 (base 2) to base 7
2
What is 202 (base 3) in base 2?
10100
Convert 27 (base 11) to base 8.
35
Convert -29 (base 14) to base 10.
-37
Convert 0 (base 16) to base 2.
0
What is 101100 (base 2) in base 13?
35
-54 (base 8) to base 2
-101100
What is 11 (base 8) in base 2?
1001
Convert -8a (base 16) to base 2.
-10001010
Convert -1001 (base 2) to base 16.
-9
Convert -1101 (base 2) to base 7.
-16
Convert -33 (base 13) to base 12.
-36
What is 0 (base 13) in base 9?
0
Convert 11 (base 2) to base 15.
3
What is 63 (base 10) in base 3?
2100
Convert -2 (base 7) to base 12.
-2
-4 (base 15) to base 3
-11
0 (base 4) to base 11
0
-2 (base 14) to base 8
-2
Convert 2221 (base 3) to base 13.
61
Convert 53 (base 10) to base 9.
58
Convert -30 (base 16) to base 3.
-1210
Convert -5a (base 14) to base 11.
-73
What is 0 (base 4) in base 10?
0
What is -14 (base 6) in base 11?
-a
73 (base 11) to base 12
68
Convert -58 (base 11) to base 9.
-70
Convert -13 (base 5) to base 4.
-20
Convert -4 (base 14) to base 10.
-4
Convert -1010 (base